{"id":405,"date":"2022-02-05T15:06:42","date_gmt":"2022-02-05T14:06:42","guid":{"rendered":"https:\/\/tapissier.rayl.fr\/?page_id=405"},"modified":"2024-02-17T06:35:34","modified_gmt":"2024-02-17T05:35:34","slug":"conseils-de-degarnissage","status":"publish","type":"page","link":"https:\/\/stage-tapissier.com\/index.php\/conseils-de-degarnissage\/","title":{"rendered":"Conseils de d\u00e9garnissage"},"content":{"rendered":"\n<p><strong><em>LE DEGARNISSAGE<\/em><\/strong> (du d\u00e9butant en solo)<\/p>\n\n\n\n<p>Afin de participer aux stages d\u2019\u00e9b\u00e9nisterie en si\u00e8ge, vos si\u00e8ges devront \u00eatre d\u00e9garnis (carcasse nue).<\/p>\n\n\n\n<p>C\u2019est \u00e0 vous d\u2019estimer s\u2019il y a un travail d\u2019\u00e9b\u00e9nisterie. Ce serait dommage de d\u00e9garnir un si\u00e8ge qui n\u2019en aurait pas besoin.<\/p>\n\n\n\n<p>S\u2019il n\u2019y a pas de jeu dans les assemblages et que le si\u00e8ge est r\u00e9cent, ce n\u2019est pas \u00e9ligible. Choisissez plut\u00f4t des si\u00e8ges de style qui sont anciens. Envoyez des photos afin d\u2019\u00eatre guid\u00e9s dans votre choix.<\/p>\n\n\n\n<p>Apr\u00e8s avoir enlev\u00e9 le tissu, vous acc\u00e9dez &nbsp;aux garnitures. Si celles-ci vous semble en bon \u00e9tat, vous pouvez les conserver. En g\u00e9n\u00e9ral, c\u2019est la garniture de l\u2019assise qui est en mauvaise \u00e9tat. Si celle du dossier est en bon \u00e9tat, d\u00e9garnissez-les avec pr\u00e9caution car elle peut \u00eatre r\u00e9utilis\u00e9e. (Pour les manchettes, enlever uniquement le tissu).<\/p>\n\n\n\n<p><em><br><strong>Aidez vous d\u2019outils pour d\u00e9garnir le si\u00e8ge<\/strong><\/em> : les tapissiers utilisent principalement&nbsp;:<\/p>\n\n\n\n<ul class=\"wp-block-list\">\n<li>Un ciseau \u00e0 d\u00e9garnir avec &nbsp;un maillet (Maillet en bois vernis AR\/MBA -50 mm, Ciseau \u00e0 d\u00e9garnir droit manche bois Vergez Blanchard VB2_5&nbsp;#) L\u2019outil de remplacement serait un vieux ciseau \u00e0 bois ou un large tournevis. Cet outil est guid\u00e9 sous la t\u00eate des semences (clous de tapissier) gr\u00e2ce au maillet&nbsp;; la continuit\u00e9 du geste consiste \u00e0 frapper en inclinant l\u2019outil afin d\u2019\u00e9jecter le clou.<\/li>\n<\/ul>\n\n\n<div class=\"wp-block-image\">\n<figure class=\"aligncenter size-full\"><img decoding=\"async\" width=\"673\" height=\"266\" src=\"http:\/\/stage-tapissier.com\/wp-content\/uploads\/2022\/02\/Capture-decran-2022-02-05-153820.jpg\" alt=\"\" class=\"wp-image-430\" srcset=\"https:\/\/stage-tapissier.com\/wp-content\/uploads\/2022\/02\/Capture-decran-2022-02-05-153820.jpg 673w, https:\/\/stage-tapissier.com\/wp-content\/uploads\/2022\/02\/Capture-decran-2022-02-05-153820-300x119.jpg 300w\" sizes=\"(max-width: 673px) 100vw, 673px\" \/><\/figure>\n<\/div>\n\n\n<p>#r\u00e9f\u00e9rence&nbsp;:artapisserie(fournisseur)<\/p>\n\n\n\n<ul class=\"wp-block-list\">\n<li>Un pied de biche (Pied de biche manche bois Vergez Blanchard VB2_13#)&nbsp;: pour enlever des clous d\u00e9coratifs, vous d\u00e9coller la t\u00eate du clou en faisant levier (m\u00eame geste expliqu\u00e9 pr\u00e9c\u00e9demment avec les m\u00eames outils) Ensuite, gr\u00e2ce au pied de biche vous \u00f4tez compl\u00e8tement le clou avec le syst\u00e8me du levier.<\/li>\n<\/ul>\n\n\n<div class=\"wp-block-image\">\n<figure class=\"aligncenter size-full\"><img decoding=\"async\" width=\"304\" height=\"404\" src=\"http:\/\/stage-tapissier.com\/wp-content\/uploads\/2022\/02\/Image6.jpg\" alt=\"\" class=\"wp-image-431\" srcset=\"https:\/\/stage-tapissier.com\/wp-content\/uploads\/2022\/02\/Image6.jpg 304w, https:\/\/stage-tapissier.com\/wp-content\/uploads\/2022\/02\/Image6-226x300.jpg 226w\" sizes=\"(max-width: 304px) 100vw, 304px\" \/><\/figure>\n<\/div>\n\n\n<ul class=\"wp-block-list\">\n<li>Un arrache agrafe\u00a0: le pr\u00e9f\u00e9r\u00e9 (Arrache Agrafes Osborne 1066#), (il y en a plusieurs),<\/li>\n\n\n\n<li>Vous pouvez vous aider du maillet pour cet outil,<\/li>\n\n\n\n<li>Si vous n\u2019en poss\u00e9dez pas vous pouvez utiliser un petit tournevis, couteau \u00e0 huitres\u2026..<\/li>\n<\/ul>\n\n\n<div class=\"wp-block-image\">\n<figure class=\"aligncenter size-full\"><img decoding=\"async\" width=\"464\" height=\"283\" src=\"http:\/\/stage-tapissier.com\/wp-content\/uploads\/2022\/02\/Image9.jpg\" alt=\"\" class=\"wp-image-432\" srcset=\"https:\/\/stage-tapissier.com\/wp-content\/uploads\/2022\/02\/Image9.jpg 464w, https:\/\/stage-tapissier.com\/wp-content\/uploads\/2022\/02\/Image9-300x183.jpg 300w\" sizes=\"(max-width: 464px) 100vw, 464px\" \/><\/figure>\n<\/div>\n\n\n<ul class=\"wp-block-list\">\n<li>Des pinces et tenailles surtout pour les agrafes.<\/li>\n<\/ul>\n\n\n<div class=\"wp-block-image\">\n<figure class=\"aligncenter size-full\"><img decoding=\"async\" width=\"577\" height=\"433\" src=\"http:\/\/stage-tapissier.com\/wp-content\/uploads\/2022\/02\/Image7.jpg\" alt=\"\" class=\"wp-image-433\" srcset=\"https:\/\/stage-tapissier.com\/wp-content\/uploads\/2022\/02\/Image7.jpg 577w, https:\/\/stage-tapissier.com\/wp-content\/uploads\/2022\/02\/Image7-300x225.jpg 300w\" sizes=\"(max-width: 577px) 100vw, 577px\" \/><\/figure>\n<\/div>\n\n\n<p><strong><em>D\u00e9garnissez avec d\u00e9licatesse afin de ne pas endommager le bois<\/em><\/strong>. Conserver les morceaux de bois si vous en casser et apportez les, ils peuvent \u00eatre recoll\u00e9s.<\/p>\n","protected":false},"excerpt":{"rendered":"<p>LE DEGARNISSAGE (du d\u00e9butant en solo) Afin de participer aux stages d\u2019\u00e9b\u00e9nisterie en si\u00e8ge, vos si\u00e8ges devront \u00eatre d\u00e9garnis (carcasse nue). C\u2019est \u00e0 vous d\u2019estimer [&#8230;]<\/p>\n","protected":false},"author":1,"featured_media":0,"parent":0,"menu_order":0,"comment_status":"closed","ping_status":"closed","template":"","meta":{"footnotes":""},"class_list":["post-405","page","type-page","status-publish","hentry"],"_links":{"self":[{"href":"https:\/\/stage-tapissier.com\/index.php\/wp-json\/wp\/v2\/pages\/405","targetHints":{"allow":["GET"]}}],"collection":[{"href":"https:\/\/stage-tapissier.com\/index.php\/wp-json\/wp\/v2\/pages"}],"about":[{"href":"https:\/\/stage-tapissier.com\/index.php\/wp-json\/wp\/v2\/types\/page"}],"author":[{"embeddable":true,"href":"https:\/\/stage-tapissier.com\/index.php\/wp-json\/wp\/v2\/users\/1"}],"replies":[{"embeddable":true,"href":"https:\/\/stage-tapissier.com\/index.php\/wp-json\/wp\/v2\/comments?post=405"}],"version-history":[{"count":1,"href":"https:\/\/stage-tapissier.com\/index.php\/wp-json\/wp\/v2\/pages\/405\/revisions"}],"predecessor-version":[{"id":1088,"href":"https:\/\/stage-tapissier.com\/index.php\/wp-json\/wp\/v2\/pages\/405\/revisions\/1088"}],"wp:attachment":[{"href":"https:\/\/stage-tapissier.com\/index.php\/wp-json\/wp\/v2\/media?parent=405"}],"curies":[{"name":"wp","href":"https:\/\/api.w.org\/{rel}","templated":true}]}}